{"id":119,"date":"2014-09-14T17:07:45","date_gmt":"2014-09-14T15:07:45","guid":{"rendered":"http:\/\/www.amrc-keller.de\/wp\/?page_id=119"},"modified":"2023-03-12T16:48:19","modified_gmt":"2023-03-12T14:48:19","slug":"roller","status":"publish","type":"page","link":"https:\/\/www.amrc-keller.de\/?page_id=119","title":{"rendered":"Roller"},"content":{"rendered":"<div class=\"wpb-content-wrapper\"><p>[vc_row][vc_column width=&#8220;2\/6&#8243;][vc_column_text]<\/p>\n<h4>Entdecke die Welt auf zwei R\u00e4dern!<\/h4>\n<p>[\/vc_column_text][\/vc_column][vc_column width=&#8220;4\/6&#8243;][vc_message message_box_style=&#8220;solid-icon&#8220; message_box_color=&#8220;black&#8220; icon_fontawesome=&#8220;fa fa-check-square-o&#8220;]<a title=\"Werkstattservice\" href=\"https:\/\/www.amrc-keller.de\/?page_id=128\">Werkstattservice<\/a><\/p>\n<p><a title=\"Gebrauchtrollerb\u00f6rse\" href=\"https:\/\/www.amrc-keller.de\/?page_id=126\">Gebrauchtrollerb\u00f6rse<\/a>[\/vc_message][\/vc_column][\/vc_row][vc_row][vc_column][vc_column_text]<b>Ein Roller ist schon eine praktische Sache<\/b>.<br \/>\nG\u00fcnstig in der Unterhaltung, f\u00fcr Jung und Alt einfach zu fahren und man kommt oft schneller zum Ziel als mit dem Auto.<br \/>\n<b>Doch welcher Roller passt zu mir und worauf muss ich achten? <\/b><\/p>\n<p>Diese und viele andere Fragen beantworten wir gerne und ausf\u00fchrlich vor Ort. Schlie\u00dflich haben wir nicht nur eine gro\u00dfe Auswahl und kleine Preise, sondern auch Erfahrung!<\/p>\n<p>Klicke auf einen Hersteller, um zur Modellauswahl zu gelangen.[\/vc_column_text][\/vc_column][\/vc_row][vc_row][vc_column width=&#8220;1\/6&#8243;][vc_single_image image=&#8220;308&#8243; alignment=&#8220;center&#8220; onclick=&#8220;custom_link&#8220; img_link_target=&#8220;_blank&#8220; link=&#8220;https:\/\/motorrad.suzuki.de\/modelle\/scooter&#8220;][\/vc_column][vc_column width=&#8220;1\/6&#8243;][vc_single_image image=&#8220;309&#8243; alignment=&#8220;center&#8220; onclick=&#8220;custom_link&#8220; img_link_target=&#8220;_blank&#8220; link=&#8220;https:\/\/www.vespa.com\/de_DE\/&#8220;][\/vc_column][vc_column width=&#8220;1\/6&#8243;][vc_single_image image=&#8220;295&#8243; alignment=&#8220;center&#8220; onclick=&#8220;custom_link&#8220; img_link_target=&#8220;_blank&#8220; link=&#8220;https:\/\/www.piaggio.com\/de_DE\/&#8220;][\/vc_column][vc_column width=&#8220;1\/6&#8243;][vc_single_image image=&#8220;294&#8243; alignment=&#8220;center&#8220; onclick=&#8220;custom_link&#8220; img_link_target=&#8220;_blank&#8220; link=&#8220;http:\/\/www.de.gilera.com\/&#8220;][\/vc_column][vc_column width=&#8220;1\/6&#8243;][vc_single_image image=&#8220;292&#8243; alignment=&#8220;center&#8220; onclick=&#8220;custom_link&#8220; img_link_target=&#8220;_blank&#8220; link=&#8220;https:\/\/www.aprilia.com\/de_DE\/&#8220;][\/vc_column][vc_column width=&#8220;1\/6&#8243;][vc_single_image image=&#8220;293&#8243; alignment=&#8220;center&#8220; onclick=&#8220;custom_link&#8220; img_link_target=&#8220;_blank&#8220; link=&#8220;https:\/\/www.derbi.com\/en_EN\/&#8220;][\/vc_column][\/vc_row][vc_row][vc_column width=&#8220;2\/3&#8243;][vc_column_text]<\/p>\n<h4>100% Service, f\u00fcr Sie!<\/h4>\n<p><b>Wir lassen Sie nicht allein.<\/b> Neben einer Fachberatung, dem passenden neuen oder gebrauchten Roller und der Bekleidung, lassen wir Ihren Roller auf Wunsch auch gleich zu. Und damit Sie lange an Ihrem Roller Freude haben, k\u00fcmmert sich unsere Fachwerkstatt vor Ort um die technischen Details.<\/p>\n<p>Auch in Fragen einer unkomplizierten Finanzierung stehen wir Ihnen gerne zur Seite.<\/p>\n<p><b>Fragen Sie nach den g\u00fcnstigen Finanzierungsangeboten!<\/b><\/p>\n<p>F\u00fcr alle, die keinen Roller kaufen m\u00f6chten oder zuerst eine ausgiebigere Probefahrt machen wollen, ist unser Mietservice gedacht.<\/p>\n<p><b>Einfach das Wunschmodell g\u00fcnstig mieten!<\/b>[\/vc_column_text][\/vc_column][vc_column width=&#8220;1\/3&#8243;][vc_single_image image=&#8220;307&#8243; alignment=&#8220;right&#8220;][\/vc_column][\/vc_row]<\/p>\n<\/div>","protected":false},"excerpt":{"rendered":"<p>[vc_row][vc_column width=&#8220;2\/6&#8243;][vc_column_text] Entdecke die Welt auf zwei R\u00e4dern! [\/vc_column_text][\/vc_column][vc_column width=&#8220;4\/6&#8243;][vc_message message_box_style=&#8220;solid-icon&#8220; message_box_color=&#8220;black&#8220; icon_fontawesome=&#8220;fa fa-check-square-o&#8220;]Werkstattservice Gebrauchtrollerb\u00f6rse[\/vc_message][\/vc_column][\/vc_row][vc_row][vc_column][vc_column_text]Ein Roller ist schon eine praktische Sache. G\u00fcnstig in der Unterhaltung, f\u00fcr Jung und Alt einfach zu fahren und man kommt oft schneller zum Ziel als mit dem Auto. Doch welcher Roller passt zu mir und worauf muss ich achten? Diese &hellip; <a href=\"https:\/\/www.amrc-keller.de\/?page_id=119\" class=\"more-link\"><span class=\"screen-reader-text\">Roller<\/span> weiterlesen <span class=\"meta-nav\">&rarr;<\/span><\/a><\/p>\n","protected":false},"author":1,"featured_media":0,"parent":0,"menu_order":0,"comment_status":"open","ping_status":"open","template":"","meta":{"footnotes":""},"class_list":["post-119","page","type-page","status-publish","hentry"],"_links":{"self":[{"href":"https:\/\/www.amrc-keller.de\/index.php?rest_route=\/wp\/v2\/pages\/119","targetHints":{"allow":["GET"]}}],"collection":[{"href":"https:\/\/www.amrc-keller.de\/index.php?rest_route=\/wp\/v2\/pages"}],"about":[{"href":"https:\/\/www.amrc-keller.de\/index.php?rest_route=\/wp\/v2\/types\/page"}],"author":[{"embeddable":true,"href":"https:\/\/www.amrc-keller.de\/index.php?rest_route=\/wp\/v2\/users\/1"}],"replies":[{"embeddable":true,"href":"https:\/\/www.amrc-keller.de\/index.php?rest_route=%2Fwp%2Fv2%2Fcomments&post=119"}],"version-history":[{"count":29,"href":"https:\/\/www.amrc-keller.de\/index.php?rest_route=\/wp\/v2\/pages\/119\/revisions"}],"predecessor-version":[{"id":1739,"href":"https:\/\/www.amrc-keller.de\/index.php?rest_route=\/wp\/v2\/pages\/119\/revisions\/1739"}],"wp:attachment":[{"href":"https:\/\/www.amrc-keller.de\/index.php?rest_route=%2Fwp%2Fv2%2Fmedia&parent=119"}],"curies":[{"name":"wp","href":"https:\/\/api.w.org\/{rel}","templated":true}]}}