{"id":140,"date":"2014-09-14T17:28:17","date_gmt":"2014-09-14T15:28:17","guid":{"rendered":"http:\/\/www.amrc-keller.de\/wp\/?page_id=140"},"modified":"2014-09-14T17:31:28","modified_gmt":"2014-09-14T15:31:28","slug":"reifen","status":"publish","type":"page","link":"https:\/\/www.amrc-keller.de\/?page_id=140","title":{"rendered":"Reifen"},"content":{"rendered":"<h2>Alles rund um Reifen<\/h2>\n<h4>Reifencheck, Neubereifung oder \u00dcberwinterung?<\/h4>\n<p>Reifen haben direkten Kontakt zur Fahrbahn und m\u00fcssen extreme Belastungen aushalten. Sie sind sicherheitsrelevant und bed\u00fcrfe<img loading=\"lazy\" decoding=\"async\" class=\"picture alignright\" src=\"http:\/\/amrc-keller.de\/images\/reifen1_160.gif\" alt=\"\" width=\"150\" height=\"100\" border=\"0\" \/>n besonderer Aufmerksamkeit sowie regelm\u00e4\u00dfiger Kontrolle. Lassen Sie uns daher ab und zu einen Blick auf Ihre Reifen werfen!<\/p>\n<p>Durch langj\u00e4hrige Erfahrung erkennen wir m\u00f6gliche Defekte und Verschleiss sofort und k\u00f6nnen die alten Reifen vor Ort ersetzen und neue montieren.<\/p>\n<p><b>Profitieren auch Sie von unserem kompetenten Reifenservice!<\/b><\/p>\n<h4>Wir profilieren Roller, Motorr\u00e4der, PKWs und LKWs<\/h4>\n<p>Wir bereifen &#8211; im Winter wie im Sommer &#8211; vom Zweiradroller \u00fcber Trecker bis hin zum LKW alles, was ein Rad hat.<\/p>\n<p><b>Und das zu g\u00fcnstigen Festpreisen.<\/b><br \/>\nVereinbaren Sie einen Werkstatt-Termin und testen Sie uns!<img loading=\"lazy\" decoding=\"async\" class=\"alignright\" src=\"http:\/\/amrc-keller.de\/images\/reifen2_160.gif\" alt=\"\" width=\"150\" height=\"100\" border=\"0\" \/><\/p>\n<p>Die richtigen Pneus sorgen nicht nur f\u00fcr den richtigen Grip und einen entsprechenden Fahrkomfort, sondern sind ein wichtiger Sicherheitsfaktor. Gerade bei Zweir\u00e4dern und bei schlechten Wetterbedingungen.<\/p>\n<p><b>Wir sagen Ihnen, welcher Reifen f\u00fcr Sie &amp; Ihr Fahrzeug der Beste ist. <\/b><\/p>\n<h4>Sch\u00f6pfen Sie aus unserem breiten Reifenangebot.<\/h4>\n<p>Ob Breitreifen f\u00fcr den PKW, Slicks f\u00fcrs Motorrad oder Profilreifen f\u00fcr einen Offroader. Wir f\u00fchren verschiedene Hersteller und<img loading=\"lazy\" decoding=\"async\" class=\"picture alignright\" src=\"http:\/\/amrc-keller.de\/images\/reifen3_160.gif\" alt=\"\" width=\"150\" height=\"100\" border=\"0\" \/>Modelle in unter schiedlichen\u00a0 Preiskategorien. Sie haben bei uns die Wahl!<\/p>\n<p>Neben Neureifen bieten wir auch Runderneuerte und ab und zu gute gebrauchte Reifen.<\/p>\n<p><b>Da ist f\u00fcr jeden etwas dabei, garantiert! <\/b><\/p>\n<h4>&#8230; rund um den Motorrad-Reifen<\/h4>\n<p>&#8230; und hier findet man alles rund um die Bereifung wie<\/p>\n<p>a) <a title=\"Reifen-Freigaben f\u00fcr Motorr\u00e4der\" href=\"http:\/\/bridgestone-freigaben.motorrad-daten.de\/index.php?mode=shop_start&amp;catID=mc&amp;searchmode=\" target=\"_blank\">Freigaben<\/a> und<br \/>\nb) <a title=\"Reifen-Technikinfos\" href=\"http:\/\/www.bridgestone-mc.de\/index.php?id=134\" target=\"_blank\">Technikinformationen<\/a><\/p>\n<p>f\u00fcr (fast) jedes Zweirad!<\/p>\n<h4>Biker&#8217;s Profi<\/h4>\n<p>Motorradtouren, Reisetipps und mehr: hier ist <b>die<\/b> Seite f\u00fcr den Motorradfahrer -&gt; <a title=\"Biker's Profi - Die Seite f\u00fcr den Motorradfahrer\" href=\"http:\/\/www.bikersprofi.eu\/\" target=\"_blank\">Biker&#8217;s Profi<\/a><\/p>\n","protected":false},"excerpt":{"rendered":"<p>Alles rund um Reifen Reifencheck, Neubereifung oder \u00dcberwinterung? Reifen haben direkten Kontakt zur Fahrbahn und m\u00fcssen extreme Belastungen aushalten. Sie sind sicherheitsrelevant und bed\u00fcrfen besonderer Aufmerksamkeit sowie regelm\u00e4\u00dfiger Kontrolle. Lassen Sie uns daher ab und zu einen Blick auf Ihre Reifen werfen! Durch langj\u00e4hrige Erfahrung erkennen wir m\u00f6gliche Defekte und Verschleiss sofort und k\u00f6nnen die &hellip; <a href=\"https:\/\/www.amrc-keller.de\/?page_id=140\" class=\"more-link\"><span class=\"screen-reader-text\">Reifen<\/span> weiterlesen <span class=\"meta-nav\">&rarr;<\/span><\/a><\/p>\n","protected":false},"author":1,"featured_media":0,"parent":0,"menu_order":0,"comment_status":"open","ping_status":"open","template":"","meta":{"footnotes":""},"class_list":["post-140","page","type-page","status-publish","hentry"],"_links":{"self":[{"href":"https:\/\/www.amrc-keller.de\/index.php?rest_route=\/wp\/v2\/pages\/140","targetHints":{"allow":["GET"]}}],"collection":[{"href":"https:\/\/www.amrc-keller.de\/index.php?rest_route=\/wp\/v2\/pages"}],"about":[{"href":"https:\/\/www.amrc-keller.de\/index.php?rest_route=\/wp\/v2\/types\/page"}],"author":[{"embeddable":true,"href":"https:\/\/www.amrc-keller.de\/index.php?rest_route=\/wp\/v2\/users\/1"}],"replies":[{"embeddable":true,"href":"https:\/\/www.amrc-keller.de\/index.php?rest_route=%2Fwp%2Fv2%2Fcomments&post=140"}],"version-history":[{"count":4,"href":"https:\/\/www.amrc-keller.de\/index.php?rest_route=\/wp\/v2\/pages\/140\/revisions"}],"predecessor-version":[{"id":144,"href":"https:\/\/www.amrc-keller.de\/index.php?rest_route=\/wp\/v2\/pages\/140\/revisions\/144"}],"wp:attachment":[{"href":"https:\/\/www.amrc-keller.de\/index.php?rest_route=%2Fwp%2Fv2%2Fmedia&parent=140"}],"curies":[{"name":"wp","href":"https:\/\/api.w.org\/{rel}","templated":true}]}}